ands digit of 19542207?
5
What is the ten thousands digit of 297071598?
7
What is the hundred thousands digit of 69095162?
0
What is the tens digit of 309531140?
4
What is the units digit of 1552035010?
0
What is the hundred millions digit of 3058512233?
0
What is the millions digit of 59415138?
9
What is the hundreds digit of 209511972?
9
What is the hundreds digit of 1754868223?
2
What is the millions digit of 73024863?
3
What is the ten thousands digit of 7783887266?
8
What is the tens digit of 24067742?
4
What is the ten millions digit of 247054765?
4
What is the ten millions digit of 557398621?
5
What is the hundred thousands digit of 114334777?
3
What is the ten millions digit of 33298781?
3
What is the hundred millions digit of 158971747?
1
What is the ten thousands digit of 909614530?
1
What is the hundred thousands digit of 312629471?
6
What is the thousands digit of 60574246?
4
What is the hundred thousands digit of 125559279?
5
What is the millions digit of 67433880?
7
What is the hundred thousands digit of 20938291?
9
What is the millions digit of 20722547?
0
What is the millions digit of 30370049?
0
What is the ten thousands digit of 16848748?
4
What is the tens digit of 172111840?
4
What is the tens digit of 191811212?
1
What is the hundred thousands digit of 2768368835?
3
What is the units digit of 2787363587?
7
What is the ten thousands digit of 1842870571?
7
What is the tens digit of 1451855057?
5
What is the tens digit of 14690893?
9
What is the units digit of 46209292?
2
What is the thousands digit of 19848546?
8
What is the tens digit of 4411991742?
4
What is the millions digit of 2594686?
2
What is the thousands digit of 85324385?
4
What is the units digit of 101598764?
4
What is the hundred thousands digit of 924292287?
2
What is the millions digit of 539078256?
9
What is the ten millions digit of 192399342?
9
What is the units digit of 257541369?
9
What is the units digit of 804078280?
0
What is the tens digit of 1732150990?
9
What is the units digit of 2708110?
0
What is the hundreds digit of 495764788?
7
What is the ten thousands digit of 1027430689?
3
What is the hundreds digit of 2368991358?
3
What is the hundred thousands digit of 29750239?
7
What is the units digit of 736737204?
4
What is the thousands digit of 124669044?
9
What is the hundred thousands digit of 34606714?
6
What is the ten thousands digit of 61016354?
1
What is the ten millions digit of 1822152232?
2
What is the hundred millions digit of 3679644800?
6
What is the tens digit of 131013920?
2
What is the units digit of 2841129301?
1
What is the thousands digit of 1441719245?
9
What is the hundred thousands digit of 361475372?
4
What is the hundred millions digit of 1858916128?
8
What is the hundred thousands digit of 1455160898?
1
What is the hundred thousands digit of 837515104?
5
What is the hundreds digit of 130139693?
6
What is the hundred thousands digit of 90732231?
7
What is the millions digit of 1732649214?
2
What is the millions digit of 2488566805?
8
What is the millions digit of 25947234?
5
What is the ten thousands digit of 7645991087?
9
What is the hundreds digit of 2340677371?
3
What is the thousands digit of 22248049?
8
What is the ten thousands digit of 37975755?
7
What is the thousands digit of 591212181?
2
What is the hundred thousands digit of 4911111?
9
What is the ten thousands digit of 24349918?
4
What is the hundreds digit of 33823366?
3
What is the hundreds digit of 207057648?
6
What is the units digit of 18835625?
5
What is the ten thousands digit of 248613402?
1
What is the hundred thousands digit of 1409867394?
8
What is the tens digit of 52125575?
7
What is the millions digit of 95051943?
5
What is the hundreds digit of 433832668?
6
What is the millions digit of 451781103?
1
What is the thousands digit of 6776106?
6
What is the units digit of 567682380?
0
What is the ten millions digit of 625865708?
2
What is the ten thousands digit of 583087068?
8
What is the ten millions digit of 371988688?
7
What is the units digit of 5371753040?
0
What is the ten thousands digit of 1310629224?
2
What is the hundred thousands digit of 43182213?
1
What is the tens digit of 34767398?
9
What is the thousands digit of 748833816?
3
What is the thousands digit of 846555607?
5
What is the millions digit of 165851201?
5
What is the hundred millions digit of 754779852?
7
What is the hundred millions digit of 285523277?
2
What is the ten thousands digit of 960047994?
4
What is the ten thousands digit of 6880305485?
0
What is the tens digit of 3677190907?
0
What is the thousands digit of 40576035?
6
What is the hundreds digit of 1302474436?
4
What is the ten millions digit of 60211274?
6
What is the billions digit of 6520336649?
6
What is the thousands digit of 1072434959?
4
What is the hundred millions digit of 3057149517?
0
What is the hundred thousands digit of 102639778?
6
What is the millions digit of 191656362?
1
What is the billions digit of 2297595765?
2
What is the millions digit of 1839752067?
9
What is the units digit of 4407899948?
8
What is the ten thousands digit of 405064809?
6
What is the millions digit of 148155875?
8
What is the millions digit of 620598784?
0
What is the units digit of 189730310?
0
What is the ten thousands digit of 57772387?
7
What is the ten millions digit of 1090065825?
9
What is the ten thousands digit of 6334038121?
3
What is the hundred thousands digit of 48945376?
9
What is the hundred thousands digit of 205135022?
1
What is the tens digit of 564793391?
9
What is the ten millions digit of 29484390?
2
What is the ten millions digit of 1493263691?
9
What is the ten thousands digit of 101193662?
9
What is the hundred thousands digit of 3842512649?
5
What is the units digit of 148416308?
8
What is the tens digit of 46366984?
8
What is the ten thousands digit of 7058180723?
8
What is the ten thousands digit of 720738146?
3
What is the billions digit of 5039901094?
5
What is the ten millions digit of 67766034?
6
What is the units digit of 6810111310?
0
What is the hundreds digit of 2453889552?
5
What is the tens digit of 586699879?
7
What is the tens digit of 212256047?
4
What is the hundred millions digit of 387170306?
3
What is the ten thousands digit of 2189196446?
9
What is the thousands digit of 877698139?
8
What is the ten thousands digit of 370671475?
7
What is the hundred millions digit of 1303120714?
3
What is the thousands digit of 530478292?
8
What is the units digit of 61217456?
6
What is the units digit of 3459043?
3
What is the thousands digit of 5406916512?
6
What is the tens digit of 14866972?
7
What is the millions digit of 89707087?
9
What is the millions digit of 97587773?
7
What is the tens digit of 1974374364?
6
What is the hundreds digit of 3735389462?
4
What is the ten millions digit of 22276147?
2
What is the hundred millions digit of 852427297?
8
What is the ten millions digit of 269388293?
6
What is the ten millions digit of 36148247?
3
What is the ten millions digit of 386368541?
8
What is the millions digit of 934364468?
4
What is the units digit of 733984374?
4
What is the hundred millions digit of 230888793?
2
What is the hundreds digit of 73764669?
6
What is the hundred thousands digit of 12811971?
8
What is the hundred millions digit of 1711867184?
7
What is the millions digit of 977571038?
7
What is the millions digit of 67135042?
7
What is the tens digit of 309717657?
5
What is the hundreds digit of 251041606?
6
What is the units digit of 76970461?
1
What is the hundreds digit of 34040980?
9
What is the hundreds digit of 196993846?
8
What is the millions digit of 38597349?
8
What is the ten thousands digit of 10445609?
4
What is the millions digit of 824932052?
4
What is the hundreds digit of 12535009?
0
What is the hundreds digit of 1358439608?
6
What is the hundred thousands digit of 369109616?
1
What is the ten millions digit of 65879638?
6
What is the units digit of 4947785516?
6
What is the ten millions digit of 59695876?
5
What is the hundred millions digit of 922492924?
9
What is the ten thousands digit of 79453178?
5
What is the hundred thousands digit of 323613422?
6
What is the tens digit of 81172853?
5
What is the units digit of 20134629?
9
What is the thousands d